{"id":1309,"date":"2017-12-26T15:38:40","date_gmt":"2017-12-26T15:38:40","guid":{"rendered":"http:\/\/art-ecology.net\/?page_id=1309"},"modified":"2018-05-11T08:33:00","modified_gmt":"2018-05-11T08:33:00","slug":"qui-som","status":"publish","type":"page","link":"https:\/\/aplecsao.cat\/art-ecology\/qui-som\/","title":{"rendered":"Qui som?"},"content":{"rendered":"<p>[vc_row css=&#8221;.vc_custom_1514302889226{padding-top: 50px !important;}&#8221;][vc_column][vc_column_text]Inicialment som l\u2019equip de treball d\u2019una entitat que gestiona el <strong><a href=\"http:\/\/www.ferreracan.cat\">Centre d\u2019Art i Natura<\/a> (CAN)<\/strong>, resid\u00e8ncia de treball per a artistes i investigadors localitzada a Farrera, a l\u2019Alt Pirineu Catal\u00e0 (1360m d\u2019al\u00e7ada i 20 habitants), i compromesa amb el reequilibri territorial entre la muntanya, el pla i la costa. L\u2019entitat la composen m\u00e9s de 100 socis i una Junta Directiva presidida per Pere B\u00e1scones i formada per Teresa M. Sala, Antoni Plans, V\u00edctor Sunyol i Josep Ma\u00f1\u00e0.<\/p>\n<p>Els Amics del CAN treballem en xarxa entre nosaltres per\u00f2 tamb\u00e9 amb altres col\u00b7laboradors com <a href=\"http:\/\/www.cocreable.org\" target=\"_blank\" rel=\"noopener\">CoCreable<\/a>, amb <a href=\"http:\/\/www.sabadellartiga.com\" target=\"_blank\" rel=\"noopener\">Llu\u00eds Sabadell Artiga<\/a> al capdavant, actiu creador d\u2019aquesta iniciativa. A banda, el Amics del CAN treballen habitualment amb el departament de Geografia de la Universitat Aut\u00f2noma de Barcelona, amb el de Belles Arts de la Universitat de Barcelona, amb l\u2019Escola Massana de Barcelona, amb la Instituci\u00f3 de les Lletres Catalanes, amb la xarxa catalana d\u2019espais de creaci\u00f3 Xarxaprod, i amb moltes altres institucions del nostre pa\u00eds.<\/p>\n<p>Internacionalment les nostres relacions es mouen entre xarxes d\u2019espais de creaci\u00f3 com Res Artis o Alliance for Artists Communities, fundacions com Artists for Nature Foundation o altres xarxes creades espec\u00edficament per a programes europeus com Frontiers in Retreat.[\/vc_column_text][\/vc_column][\/vc_row]<\/p>\n","protected":false},"excerpt":{"rendered":"<p>[vc_row css=&#8221;.vc_custom_1514302889226{padding-top: 50px !important;}&#8221;][vc_column][vc_column_text]Inicialment som l\u2019equip de treball d\u2019una entitat que gestiona el Centre d\u2019Art i Natura (CAN), resid\u00e8ncia de treball per a artistes i investigadors localitzada a Farrera, a l\u2019Alt Pirineu Catal\u00e0 (1360m d\u2019al\u00e7ada i 20 habitants), i compromesa amb el reequilibri territorial entre la muntanya, el pla i la costa. L\u2019entitat la composen[&#8230;] <\/p>\n<p class=\"mt-15\"><a class=\"small-link upper\" href=\"https:\/\/aplecsao.cat\/art-ecology\/qui-som\/\"><span>Read More<\/span><i class=\"hc-arrow-right\"><\/i><\/a><\/p>\n","protected":false},"author":1,"featured_media":0,"parent":0,"menu_order":0,"comment_status":"closed","ping_status":"closed","template":"","meta":{"footnotes":""},"class_list":["post-1309","page","type-page","status-publish","hentry"],"_links":{"self":[{"href":"https:\/\/aplecsao.cat\/art-ecology\/wp-json\/wp\/v2\/pages\/1309","targetHints":{"allow":["GET"]}}],"collection":[{"href":"https:\/\/aplecsao.cat\/art-ecology\/wp-json\/wp\/v2\/pages"}],"about":[{"href":"https:\/\/aplecsao.cat\/art-ecology\/wp-json\/wp\/v2\/types\/page"}],"author":[{"embeddable":true,"href":"https:\/\/aplecsao.cat\/art-ecology\/wp-json\/wp\/v2\/users\/1"}],"replies":[{"embeddable":true,"href":"https:\/\/aplecsao.cat\/art-ecology\/wp-json\/wp\/v2\/comments?post=1309"}],"version-history":[{"count":3,"href":"https:\/\/aplecsao.cat\/art-ecology\/wp-json\/wp\/v2\/pages\/1309\/revisions"}],"predecessor-version":[{"id":1312,"href":"https:\/\/aplecsao.cat\/art-ecology\/wp-json\/wp\/v2\/pages\/1309\/revisions\/1312"}],"wp:attachment":[{"href":"https:\/\/aplecsao.cat\/art-ecology\/wp-json\/wp\/v2\/media?parent=1309"}],"curies":[{"name":"wp","href":"https:\/\/api.w.org\/{rel}","templated":true}]}}